{"id":732,"date":"2019-06-30T15:13:21","date_gmt":"2019-06-30T15:13:21","guid":{"rendered":"http:\/\/www.smp72.site\/?page_id=732"},"modified":"2021-02-12T03:37:11","modified_gmt":"2021-02-12T03:37:11","slug":"proyecto-de-aprendizaje-2019","status":"publish","type":"page","link":"https:\/\/www.sanmartin72.com\/?page_id=732","title":{"rendered":"Buenas Pr\u00e1cticas y Proyectos de Aprendizaje"},"content":{"rendered":"\n<p><\/p>\n\n\n\n<h2 class=\"wp-block-heading\">La ense\u00f1anza es una dedicaci\u00f3n, la vocaci\u00f3n no se pierde<\/h2>\n\n\n\n<figure class=\"wp-block-gallery columns-2 is-cropped wp-block-gallery-1 is-layout-flex\"><ul class=\"blocks-gallery-grid\"><li class=\"blocks-gallery-item\"><figure><img decoding=\"async\" loading=\"lazy\" width=\"1024\" height=\"724\" src=\"https:\/\/www.sanmartin72.com\/wp-content\/uploads\/2020\/09\/118943086_1431612403711444_9147376540640990139_o-1-1024x724.jpg\" alt=\"\" data-id=\"3334\" data-full-url=\"https:\/\/www.sanmartin72.com\/wp-content\/uploads\/2020\/09\/118943086_1431612403711444_9147376540640990139_o-1.jpg\" data-link=\"https:\/\/www.sanmartin72.com\/?attachment_id=3334\" class=\"wp-image-3334\" srcset=\"https:\/\/www.sanmartin72.com\/wp-content\/uploads\/2020\/09\/118943086_1431612403711444_9147376540640990139_o-1-1024x724.jpg 1024w, https:\/\/www.sanmartin72.com\/wp-content\/uploads\/2020\/09\/118943086_1431612403711444_9147376540640990139_o-1-300x212.jpg 300w, https:\/\/www.sanmartin72.com\/wp-content\/uploads\/2020\/09\/118943086_1431612403711444_9147376540640990139_o-1-768x543.jpg 768w, https:\/\/www.sanmartin72.com\/wp-content\/uploads\/2020\/09\/118943086_1431612403711444_9147376540640990139_o-1-1536x1085.jpg 1536w, https:\/\/www.sanmartin72.com\/wp-content\/uploads\/2020\/09\/118943086_1431612403711444_9147376540640990139_o-1.jpg 1755w\" sizes=\"(max-width: 1024px) 100vw, 1024px\" \/><\/figure><\/li><li class=\"blocks-gallery-item\"><figure><img decoding=\"async\" loading=\"lazy\" width=\"1024\" height=\"724\" src=\"https:\/\/www.sanmartin72.com\/wp-content\/uploads\/2020\/09\/118888468_1431612383711446_7497230516364079612_o-1024x724.jpg\" alt=\"\" data-id=\"3333\" data-full-url=\"https:\/\/www.sanmartin72.com\/wp-content\/uploads\/2020\/09\/118888468_1431612383711446_7497230516364079612_o.jpg\" data-link=\"https:\/\/www.sanmartin72.com\/?attachment_id=3333\" class=\"wp-image-3333\" srcset=\"https:\/\/www.sanmartin72.com\/wp-content\/uploads\/2020\/09\/118888468_1431612383711446_7497230516364079612_o-1024x724.jpg 1024w, https:\/\/www.sanmartin72.com\/wp-content\/uploads\/2020\/09\/118888468_1431612383711446_7497230516364079612_o-300x212.jpg 300w, https:\/\/www.sanmartin72.com\/wp-content\/uploads\/2020\/09\/118888468_1431612383711446_7497230516364079612_o-768x543.jpg 768w, https:\/\/www.sanmartin72.com\/wp-content\/uploads\/2020\/09\/118888468_1431612383711446_7497230516364079612_o-1536x1085.jpg 1536w, https:\/\/www.sanmartin72.com\/wp-content\/uploads\/2020\/09\/118888468_1431612383711446_7497230516364079612_o.jpg 1755w\" sizes=\"(max-width: 1024px) 100vw, 1024px\" \/><\/figure><\/li><\/ul><\/figure>\n\n\n\n<p>Docente  Mirtha Marlene Navarrete Monteblanco, ganadora en programa BeOnline de HP y AMD en alianza con Silabuz con proyecto sobre la Huaca Huantille. <\/p>\n\n\n\n<p>\u00abCon el uso de las herramientas tecnol\u00f3gicas se ten\u00eda que dar a conocer la importancia de \u00e9sta huaca (Huatilde), su significado hist\u00f3rico\u00bb fue una de las palabras de nuestra maestra en una de las entrevistas al diario peru21.<\/p>\n\n\n\n<p><\/p>\n\n\n\n<p><\/p>\n\n\n\n<p><\/p>\n\n\n\n<p><\/p>\n\n\n\n<h2 class=\"has-vivid-red-color has-text-color has-text-align-center wp-block-heading\">Proyecto: Felices Fiestas Patrias<\/h2>\n\n\n\n<div class=\"wp-block-columns is-layout-flex wp-container-6\">\n<div class=\"wp-block-column is-layout-flow\"><\/div>\n\n\n\n<div class=\"wp-block-column is-layout-flow\">\n<p>Saludamos a toda la comunidad educativa sanmartiniana, les informamos que con motivo de las celebraciones por los 199 a\u00f1os de nuestra independencia y encontr\u00e1ndonos en el mes de la patria, el equipo de docentes de las \u00e1reas de Ciencias Sociales y Desarrollo Personal Ciudadan\u00eda y C\u00edvica, les invita a Visualizar los mejores trabajos que nuestros estudiantes han realizado para rendir homenaje a nuestra patria.&nbsp;&nbsp;<\/p>\n<\/div>\n\n\n\n<div class=\"wp-block-column is-layout-flow\"><\/div>\n<\/div>\n\n\n\n<div class=\"wp-block-group\"><div class=\"wp-block-group__inner-container is-layout-flow\">\n<div class=\"wp-block-group is-layout-flow\"><div class=\"wp-block-group__inner-container\"><\/div><\/div>\n<\/div><\/div>\n\n\n\n<div class=\"wp-block-group is-layout-flow\"><div class=\"wp-block-group__inner-container\"><\/div><\/div>\n\n\n\n<div class=\"wp-block-group\"><div class=\"wp-block-group__inner-container is-layout-flow\">\n<div class=\"wp-block-group is-layout-flow\"><div class=\"wp-block-group__inner-container\"><\/div><\/div>\n<\/div><\/div>\n\n\n\n<h3 class=\"has-vivid-red-color has-text-color has-text-align-center wp-block-heading\"><span class=\"has-inline-color has-vivid-cyan-blue-color\">Programa d\u00eda 28 de Julio 2020<\/span><\/h3>\n\n\n\n<h2 class=\"wp-block-heading\">Proyecto Isma, valorando nuestra identidad cultural<\/h2>\n\n\n\n<figure class=\"wp-block-gallery columns-1 is-cropped wp-block-gallery-12 is-layout-flex\"><ul class=\"blocks-gallery-grid\"><li class=\"blocks-gallery-item\"><figure><img decoding=\"async\" loading=\"lazy\" width=\"960\" height=\"720\" src=\"http:\/\/www.smp72.site\/wp-content\/uploads\/2019\/07\/44477844_480503569123382_5651330303222874112_n.jpg\" alt=\"\" data-id=\"839\" data-link=\"http:\/\/www.smp72.site\/?attachment_id=839\" class=\"wp-image-839\" srcset=\"https:\/\/www.sanmartin72.com\/wp-content\/uploads\/2019\/07\/44477844_480503569123382_5651330303222874112_n.jpg 960w, https:\/\/www.sanmartin72.com\/wp-content\/uploads\/2019\/07\/44477844_480503569123382_5651330303222874112_n-300x225.jpg 300w, https:\/\/www.sanmartin72.com\/wp-content\/uploads\/2019\/07\/44477844_480503569123382_5651330303222874112_n-768x576.jpg 768w\" sizes=\"(max-width: 960px) 100vw, 960px\" \/><\/figure><\/li><\/ul><\/figure>\n\n\n\n<p> El Proyecto \u201cValoramos nuestra identidad cultural: Isma\u201d, forma parte de un proceso intencional reflexivo y planificado que favorece el aprendizaje de nuestros estudiantes, se encuentra insertado en nuestros instrumentos de gesti\u00f3n y se hace operativo en las sesiones de aprendizaje en cuatro \u00e1reas: Comunicaci\u00f3n,Ciudadan\u00eda, Arte y Matem\u00e1tica.<br> Esta buena pr\u00e1ctica pone en conocimiento de la comunidad de Magdalena del mar, que los estudiantes sanmartinianos valoran su patrimonio cultural y se identifican con los problemas de su comunidad. Es un trabajo dentro y fuera de la instituci\u00f3n educativa con ayuda de la RED EDUCATIVA N\u00ba. 15 de nuestra jurisdicci\u00f3n.<\/p>\n\n\n\n<div style=\"height:100px\" aria-hidden=\"true\" class=\"wp-block-spacer\"><\/div>\n\n\n\n<h2 class=\"wp-block-heading\">Proyecto Uso Adecuado del Tiempo Libre<\/h2>\n\n\n\n<p>Con el presente proyecto se satisface una necesidad recreativa inminente y el fortalecimiento de la autonom\u00eda en nuestros estudiantes, involucra un trabajo sobre una propuesta de actividades para mejorar el uso adecuado del tiempo libre en la \u201cI.E. 072, SAN MARTIN DE PORRES de Magdalena\u00bb. Con la participaci\u00f3n de los docentes comprometidos, se hace part\u00edcipe a los estudiantes, de actividades recreativas que mejoren las condiciones que lograr aprendizajes.<\/p>\n\n\n\n<p><strong>Festivales&nbsp;culturales&nbsp;de&nbsp;Baile&nbsp;y&nbsp;Teatro<\/strong><\/p>\n\n\n\n<p><strong>Juegos&nbsp;de&nbsp;Estrategia<\/strong><\/p>\n\n\n\n<p><strong>Festival&nbsp;deportivo&nbsp;recreativo<\/strong><\/p>\n\n\n\n<p><strong>Juegos&nbsp;recreativos&nbsp;terrestres<\/strong><\/p>\n\n\n\n<div style=\"height:100px\" aria-hidden=\"true\" class=\"wp-block-spacer\"><\/div>\n\n\n\n<p>Proyecto que promueve el h\u00e1bito de la lectura mediante el intercambio de libros de distinto g\u00e9nero entre estudiantes.<\/p>\n ","protected":false},"excerpt":{"rendered":"<p>La ense\u00f1anza es una dedicaci\u00f3n, la vocaci\u00f3n no se pierde Docente Mirtha Marlene Navarrete Monteblanco, ganadora en programa BeOnline de HP y AMD en alianza con Silabuz con proyecto sobre [&hellip;]<\/p>\n","protected":false},"author":1,"featured_media":0,"parent":0,"menu_order":0,"comment_status":"closed","ping_status":"closed","template":"","meta":[],"_links":{"self":[{"href":"https:\/\/www.sanmartin72.com\/index.php?rest_route=\/wp\/v2\/pages\/732"}],"collection":[{"href":"https:\/\/www.sanmartin72.com\/index.php?rest_route=\/wp\/v2\/pages"}],"about":[{"href":"https:\/\/www.sanmartin72.com\/index.php?rest_route=\/wp\/v2\/types\/page"}],"author":[{"embeddable":true,"href":"https:\/\/www.sanmartin72.com\/index.php?rest_route=\/wp\/v2\/users\/1"}],"replies":[{"embeddable":true,"href":"https:\/\/www.sanmartin72.com\/index.php?rest_route=%2Fwp%2Fv2%2Fcomments&post=732"}],"version-history":[{"count":66,"href":"https:\/\/www.sanmartin72.com\/index.php?rest_route=\/wp\/v2\/pages\/732\/revisions"}],"predecessor-version":[{"id":3579,"href":"https:\/\/www.sanmartin72.com\/index.php?rest_route=\/wp\/v2\/pages\/732\/revisions\/3579"}],"wp:attachment":[{"href":"https:\/\/www.sanmartin72.com\/index.php?rest_route=%2Fwp%2Fv2%2Fmedia&parent=732"}],"curies":[{"name":"wp","href":"https:\/\/api.w.org\/{rel}","templated":true}]}}